{"id":2240,"date":"2025-07-23T23:36:28","date_gmt":"2025-07-23T21:36:28","guid":{"rendered":"https:\/\/drolshammer.net\/german\/?page_id=2240"},"modified":"2025-08-13T21:47:56","modified_gmt":"2025-08-13T19:47:56","slug":"liebe-freunde-und-bekannte","status":"publish","type":"page","link":"https:\/\/drolshammer.net\/german\/liebe-freunde-und-bekannte\/","title":{"rendered":"Liebe Freunde und Bekannte"},"content":{"rendered":"\n<div class=\"wp-block-columns is-layout-flex wp-container-2\">\n<div class=\"wp-block-column is-layout-flow\" style=\"flex-basis:100%\"><\/div>\n<\/div>\n\n\n\n<p>Ich teile euch nach meinem 80. Geburtstag mit, dass ich mich in meinem kreativen Alter weiter ins Private zur\u00fcckziehe. Nachdem ich mich nach der Publikation meines letzten Buchs \u00abLegal Imagination Delivered \u2013 50 Jahre Reisen und Arbeiten in den Maschinenr\u00e4umen von Advokatur und Academia \u2013 Minima et Memorablia\u00bb im Sommer 2023 mit einem \u00abServus\u00bb von den \u00f6ffentlichen wissenschaftlichen Arbeiten zur\u00fcckgezogen habe, beschr\u00e4nke ich mich ab Sommer 2025 in meiner professionellen Beratungst\u00e4tigkeit in der strategischen Rechtsberatung gegen aussen auf ausgew\u00e4hlte Spezialmandate.<\/p>\n\n\n\n<div class=\"wp-block-cover\"><span aria-hidden=\"true\" class=\"wp-block-cover__background has-background-dim-0 has-background-dim\"><\/span><img decoding=\"async\" loading=\"lazy\" width=\"1600\" height=\"1067\" class=\"wp-block-cover__image-background wp-image-2075\" alt=\"\" src=\"https:\/\/drolshammer.net\/german\/wp-content\/uploads\/2019\/03\/drolshammer-img.jpg\" data-object-fit=\"cover\" srcset=\"https:\/\/drolshammer.net\/german\/wp-content\/uploads\/2019\/03\/drolshammer-img.jpg 1600w, https:\/\/drolshammer.net\/german\/wp-content\/uploads\/2019\/03\/drolshammer-img-300x200.jpg 300w, https:\/\/drolshammer.net\/german\/wp-content\/uploads\/2019\/03\/drolshammer-img-768x512.jpg 768w, https:\/\/drolshammer.net\/german\/wp-content\/uploads\/2019\/03\/drolshammer-img-1024x683.jpg 1024w\" sizes=\"(max-width: 1600px) 100vw, 1600px\" \/><div class=\"wp-block-cover__inner-container\">\n<p class=\"has-text-align-center has-large-font-size\"><\/p>\n<\/div><\/div>\n\n\n\n<p>Ich erfreue mich weiterhin an vielseitigen Arbeiten auf der Grundlage des Mottos:<\/p>\n\n\n\n<p>\u00abImagination \u2013 after a homecoming to one\u2019s better self we have chosen \u2018Imagination\u2019 as an open leitmotiv: meine Fahne, mon drapeau.\u00bb<\/p>\n\n\n\n<p>Alle Freunde und Bekannten erreichen mich jederzeit telefonisch unter&nbsp;<br>+41 79 404 07 62,&nbsp;schriftlich unter&nbsp;<a href=\"mailto:office@drolshammer.com\">office@drolshammer.com<\/a><\/p>\n\n\n\n<p>oder an meiner Postadresse:<\/p>\n\n\n\n<p>Jens Drolshammer, <br>Susenbergstrasse 157<br>8044 Z\u00fcrich<br>Schweiz.<\/p>\n\n\n\n<p>Ihr m\u00f6gt mich auch jederzeit in der Schweiz, im Herzen Europas, in der kleinen Weltstadt Z\u00fcrich besuchen. Ich freue mich, von euch zu h\u00f6ren und euch wiederzusehen.<\/p>\n\n\n\n<p>Let us stay connected &#8211; take care<\/p>\n\n\n\n<p>Servus<\/p>\n\n\n\n<p>Jens Drolshammer<\/p>\n","protected":false},"excerpt":{"rendered":"<p>Ich teile euch nach meinem 80. Geburtstag mit, dass ich mich in meinem kreativen Alter weiter ins Private zur\u00fcckziehe. Nachdem ich mich nach der Publikation meines letzten Buchs \u00abLegal Imagination Delivered \u2013 50 Jahre Reisen und Arbeiten in den Maschinenr\u00e4umen von Advokatur und Academia \u2013 Minima et Memorablia\u00bb im Sommer 2023 mit einem \u00abServus\u00bb von&hellip;<\/p>\n","protected":false},"author":2,"featured_media":2248,"parent":0,"menu_order":0,"comment_status":"closed","ping_status":"closed","template":"","meta":[],"acf":[],"_links":{"self":[{"href":"https:\/\/drolshammer.net\/german\/wp-json\/wp\/v2\/pages\/2240"}],"collection":[{"href":"https:\/\/drolshammer.net\/german\/wp-json\/wp\/v2\/pages"}],"about":[{"href":"https:\/\/drolshammer.net\/german\/wp-json\/wp\/v2\/types\/page"}],"author":[{"embeddable":true,"href":"https:\/\/drolshammer.net\/german\/wp-json\/wp\/v2\/users\/2"}],"replies":[{"embeddable":true,"href":"https:\/\/drolshammer.net\/german\/wp-json\/wp\/v2\/comments?post=2240"}],"version-history":[{"count":5,"href":"https:\/\/drolshammer.net\/german\/wp-json\/wp\/v2\/pages\/2240\/revisions"}],"predecessor-version":[{"id":2254,"href":"https:\/\/drolshammer.net\/german\/wp-json\/wp\/v2\/pages\/2240\/revisions\/2254"}],"wp:featuredmedia":[{"embeddable":true,"href":"https:\/\/drolshammer.net\/german\/wp-json\/wp\/v2\/media\/2248"}],"wp:attachment":[{"href":"https:\/\/drolshammer.net\/german\/wp-json\/wp\/v2\/media?parent=2240"}],"curies":[{"name":"wp","href":"https:\/\/api.w.org\/{rel}","templated":true}]}}