{"id":332,"date":"2018-05-01T06:57:47","date_gmt":"2018-05-01T06:57:47","guid":{"rendered":"http:\/\/new.drolshammer.net\/german\/?page_id=332"},"modified":"2023-06-06T12:16:09","modified_gmt":"2023-06-06T10:16:09","slug":"ausbildungsanlaesse","status":"publish","type":"page","link":"https:\/\/drolshammer.net\/german\/ausbildungsanlaesse\/","title":{"rendered":"Ausbildungsanl\u00e4sse"},"content":{"rendered":"<section class=\"wpb-content-wrapper\">[vc_section css=&#8220;.vc_custom_1686046463978{margin-bottom: 20px !important;}&#8220;][vc_row 0=&#8220;&#8220;][vc_column 0=&#8220;&#8220;][vc_column_text 0=&#8220;&#8220;]\n<h1 style=\"text-align: center;\"><\/h1>\n<p><a href=\"https:\/\/drolshammer.net\/german\/?page_id=332\"><span class=\"sub\">[ Ausbildungsanl\u00e4sse ]<\/span><\/a> \u00a0<a href=\"https:\/\/drolshammer.net\/german\/?page_id=334\"><span class=\"sub\">[ Akademische Begegnungen ]<\/span><\/a><br \/>\n<a href=\"https:\/\/drolshammer.net\/german\/?page_id=336\"><span class=\"sub\">[ Kulturelle Begegnungen ]<\/span><\/a><\/p>\n<p>&nbsp;<\/p>\n<p>Bei guten Gelegenheiten f\u00fchren wir im Rahmen einer kommerziellen Dienstleistung besondere Ausbildungsanl\u00e4sse oder Ausbildungsfolgen im The Salon durch. Wir versuchen einem Interesse f\u00fchrender Anw\u00e4lte und f\u00fchrender Mitglieder von Rechtsabteilungen, in anspruchsvollen Spezialfragen weitergebildet zu werden, gerecht zu werden. Anders als in den \u00fcblicherweise kommerzialisierten Ausbildungsveranstaltungen soll hier eine kleine und m\u00f6glichst homogene Gruppe in Spezialthemata weitergebildet werden, die sie selber w\u00e4hlen und bestimmen.<\/p>\n<p>Gleichzeitig haben solche Veranstaltungen zus\u00e4tzlich eine kollegiale und kameradschaftliche Dimension, die zu einer Erh\u00f6hung der Kontakte unter den Anw\u00e4lten und unter den General Counsel, insbesondere auch zwischen Anw\u00e4lten und General Counsel f\u00fchren. Wir sind hier am Experimentieren und werden nur solche Anl\u00e4sse durchf\u00fchren, wenn die Beteiligten ihr Interesse signalisiert haben und sich an der Bestimmung des Inhaltes und der Form aktiv beteiligen.<\/p>\n<p>Diese Anl\u00e4sse sind nach der Emeritierung bewusst reduziert worden.<\/p>\n<p>Als Beispiel f\u00fchren wir w\u00e4hrend vielen Jahren die Veranstaltung an: Professor Arthur Miller von der Harvard Law School. Heute Unitversity Professor an der New York University.<\/p>\n<p><span class=\"lead\">Special Workshops with Prof. Arthur Miller, Harvard Law School from Friday, January 26th to Friday, February 3rd 2007 &#8211; High End Issues in International Litigation Involving the United States directly affecting leading Swiss Law firms and legal departments of leading Swiss multinational enterprises in actual cases and actual strategic planning activities <\/span><\/p>\n<p>Nach einer sechsmonatigen Vorbereitung fand im Sinne eines Experimentes die oben genannte Kolloquienreihe zwischen dem 26. Januar und dem 3. Februar 2007 im The Salon statt.<\/p>\n<p>Die sponsoring Law Firms waren B\u00e4r &amp; Karrer, Lenz &amp; St\u00e4helin, Homburger, Niederer Kraft &amp; Frey, Schellenberg Wittmer, Vischer und Nater Dallafior. Die sponsoring Unternehmensrechtsabteilungen waren UBS, Novartis, Roche, Nestl\u00e9, Swiss Re und ABB<\/p>\n<p>Das Konzept der Workshops hatte bestimmte Charakteristika. Es wurde aufgrund einer spezifischen Erkundung von Interessen m\u00f6glicher Interessenten konzipiert. Es geht um High End-Fragen, die Spezialisten in der Schweiz betreffen.<\/p>\n<p>Das Konzept sah eine kleine Zahl von Teilnehmern vor, sodass pro Unternehmen lediglich zwei Teilnehmer am Tische sassen und die Gesamtzahl in einem Kolloquium nicht h\u00f6her als zwischen zehn und vierzehn Teilnehmern ist.<\/p>\n<p>Die Vorbereitungen waren von einer besonderen Art und minimal. Nach dem Eintreffen der definitiven Best\u00e4tigung der sponsoring law firms und der sponsoring enterprises sammelten und systematisierten wir nach einem bestimmten Raster die die Teilnehmenden JuristInnen interessierenden Fragen. Prof. Arthur Miller beantwortete nach gr\u00fcndlicher Vorbereitung vorwiegend diese Fragen.<\/p>\n<p>Er hatte eine &#8222;Carte Blanche&#8220; f\u00fcr 25% des Zeitkredites eines Kolloquiums, eigene kleine Beitr\u00e4ge von besonderem Interesse vorzutragen. Es gab keine Papiere, keine Protokolle, die gesamte Arbeitswoche wurde auf Video aufgenommen und jedem teilnehmenden Advokaturb\u00fcro und Unternehmen und den ad personam eingeladenen JuristInnen nachtr\u00e4glich als Teil der kommerziellen Dienstleistung zugeschickt.<\/p>\n<p>Die Arbeitswoche bestand im Wesentlichen aus den nachfolgenden <a href=\"http:\/\/drolshammer.net\/de\/downloads\/Overview_Miller.pdf\" target=\"_blank\" rel=\"noopener\">Modulen:<\/a><br \/>\nEinem General Workshop: litigators of lawfirms, einem General Workshop: general counsels and litigators of legal departments, einem Combined Workshop: litigators of lawfirms, general counsels and litigators of legal departments, einem Special Workshop: Arbitration und einem Special Workshop: Attorneys on boards of public companies and legal consultants of boards. Die jeweiligen Module dauerten vier Stunden.<\/p>\n<p>Auf Wunsch der Law Firms f\u00fchrten wir massgeschneiderte In-House-Events bei B\u00e4r &amp; Karrer, Homburger und Nieder Kraft &amp; Frey durch. Mit besonders geladenen G\u00e4sten aus Hochschulen f\u00fchrten wir einen Special Workshop: American Legal Culture Club and Guests from Participating Sponsors &#8222;9\/11 and thereafter&#8220; und ein Nachtessen durch.<\/p>\n<p>Die anfallenden Kosten wurden unter den Sposoring Law Firms und Sponsoring Enterprises anteilsm\u00e4ssig verteilt; f\u00fcr die Durchf\u00fchrung der verschieden intensiven Hausanl\u00e4sse wurden Zusatzbetr\u00e4ge verrechnet.<\/p>\n<p><span class=\"smallfont\">Der Hausanlass wurde auf der Grundlage eines detaillierten Fragebogens systematisch ausgewertet. Dies bietet die Grundlage f\u00fcr m\u00f6gliche weitere Anl\u00e4sse. Die Auswertung hat gezeigt, dass vor allem die Faktoren kleine Zahl, spezielle Probleme, wenig Papier, unmittelbarer Gedankenaustausch, alles in Privatr\u00e4umen und gen\u00fcgend Zeit zum kollegialen Gespr\u00e4ch mit befreundeten Kollegen f\u00fcr eine positive Beurteilung massgebend waren. Nat\u00fcrlich waren das breite Wissen und das geradezu legend\u00e4re kommunikatorische und didaktische Geschick von Prof. Arthur Miller zentral. <\/span><\/p>\n<p>Es besteht die Absicht, solche Anl\u00e4sse zu wiederholen, allenfalls in Zusammenhang mit der intensivierten Beratungst\u00e4tigkeit beim Entstehen (2009) und bei der parlamentarischen Genehmigung des Staatsvertrages Schweiz mit den Vereinigten Staaten (2010).[\/vc_column_text][\/vc_column][\/vc_row][\/vc_section]\n<\/section>","protected":false},"excerpt":{"rendered":"<p>[vc_section css=&#8220;.vc_custom_1686046463978{margin-bottom: 20px !important;}&#8220;][vc_row 0=&#8220;&#8220;][vc_column 0=&#8220;&#8220;][vc_column_text 0=&#8220;&#8220;] [ Ausbildungsanl\u00e4sse ] \u00a0[ Akademische Begegnungen ] [ Kulturelle Begegnungen ] &nbsp; Bei guten Gelegenheiten f\u00fchren wir im Rahmen einer kommerziellen Dienstleistung besondere Ausbildungsanl\u00e4sse oder Ausbildungsfolgen im The Salon durch. Wir versuchen einem Interesse f\u00fchrender Anw\u00e4lte und f\u00fchrender Mitglieder von Rechtsabteilungen, in anspruchsvollen Spezialfragen weitergebildet zu werden, gerecht&hellip;<\/p>\n","protected":false},"author":2,"featured_media":0,"parent":0,"menu_order":0,"comment_status":"closed","ping_status":"closed","template":"","meta":[],"acf":[],"_links":{"self":[{"href":"https:\/\/drolshammer.net\/german\/wp-json\/wp\/v2\/pages\/332"}],"collection":[{"href":"https:\/\/drolshammer.net\/german\/wp-json\/wp\/v2\/pages"}],"about":[{"href":"https:\/\/drolshammer.net\/german\/wp-json\/wp\/v2\/types\/page"}],"author":[{"embeddable":true,"href":"https:\/\/drolshammer.net\/german\/wp-json\/wp\/v2\/users\/2"}],"replies":[{"embeddable":true,"href":"https:\/\/drolshammer.net\/german\/wp-json\/wp\/v2\/comments?post=332"}],"version-history":[{"count":12,"href":"https:\/\/drolshammer.net\/german\/wp-json\/wp\/v2\/pages\/332\/revisions"}],"predecessor-version":[{"id":2157,"href":"https:\/\/drolshammer.net\/german\/wp-json\/wp\/v2\/pages\/332\/revisions\/2157"}],"wp:attachment":[{"href":"https:\/\/drolshammer.net\/german\/wp-json\/wp\/v2\/media?parent=332"}],"curies":[{"name":"wp","href":"https:\/\/api.w.org\/{rel}","templated":true}]}}