{"id":406,"date":"2018-05-01T17:27:20","date_gmt":"2018-05-01T17:27:20","guid":{"rendered":"http:\/\/new.drolshammer.net\/german\/?page_id=406"},"modified":"2018-09-04T17:53:13","modified_gmt":"2018-09-04T17:53:13","slug":"ws-2001-2","status":"publish","type":"page","link":"https:\/\/drolshammer.net\/german\/ws-2001-2\/","title":{"rendered":"WS-2001\/2"},"content":{"rendered":"<section class=\"wpb-content-wrapper\">[vc_section css=&#8220;.vc_custom_1525195636532{margin-bottom: 20px !important;background-color: #c9c9a5 !important;}&#8220;][vc_row 0=&#8220;&#8220;][vc_column 0=&#8220;&#8220;][vc_column_text 0=&#8220;&#8220;]\n<h2><span class=\"hd\">&#8222;Attack on America&#8220;<\/span><\/h2>\n<p><span class=\"sub\"><a href=\"https:\/\/drolshammer.net\/german\/?page_id=390\">[ FS 2008 ] <\/a>\u00a0 [ <a class=\"sub\" href=\"https:\/\/drolshammer.net\/german\/?page_id=393\">SS 2007<\/a> ] \u00a0 [ <a class=\"sub\" href=\"https:\/\/drolshammer.net\/german\/?page_id=396\">WS 2006\/07<\/a> ]\n[ <a class=\"sub\" href=\"https:\/\/drolshammer.net\/german\/?page_id=398\">SS 2006<\/a> ] \u00a0 [ <a class=\"sub\" href=\"https:\/\/drolshammer.net\/german\/?page_id=400\">WS 2005\/06<\/a> ] \u00a0 [ <a class=\"sub\" href=\"https:\/\/drolshammer.net\/german\/?page_id=402\">WS 2002\/03<\/a> ]\n[ <a class=\"sub\" href=\"https:\/\/drolshammer.net\/german\/?page_id=404\">SS 2002<\/a> ] \u00a0 [ <a class=\"sub\" href=\"https:\/\/drolshammer.net\/german\/?page_id=406\">WS 2001\/02<\/a> ] \u00a0 [ <a class=\"subact\" href=\"https:\/\/drolshammer.net\/german\/?page_id=408\">SS 2000<\/a> ]<\/span><\/p>\n<h3><span class=\"lead\">\u00abAttack on America: The Consequences &#8211; from a Legal Perspective &#8211; The Role of Law, Lawyers and Law Enforcement in Times of Crisis\u00bb &#8211; Spezialseminar zu 9\/11, Wintersemester 2001 \/ 2002<\/span><\/h3>\n<p>Das Spezialseminar begann zu Semesterbeginn lediglich ca. drei Wochen nach den dramatischen Ereignissen des 11. September 2001.<\/p>\n<p>Am 1. Oktober ver\u00f6ffentlichte ich an der Universit\u00e4t St. Gallen die nachfolgende Ank\u00fcndigung.<\/p>\n<p>Ich f\u00fchre dieses Wintersemester das traditionelle Kolloquium &#8222;On American Legal Culture&#8220; in der Gestalt eines Sonderseminars \u00fcber die dramatischen Ereignisse des 11. September 2001 durch. Daf\u00fcr suche ich maximal 18-24 obersemestrige Studierende, Doktoranden und Assistenten &#8211; auch aus benachbarten Abteilungen &#8211; die motiviert und interessiert sind, sich in einer besonderen Art mit dem Zeitgeschehen &#8211; real time &#8211; auseinander zu setzen.<\/p>\n<p>Wir versuchen auf beiden Seiten des Ozeans die Rolle des Rechts und der Juristen sowie die Auswirkungen des Terroranschlages vom 11. September auf das Recht und die Juristen zu verstehen. Dies erlaubt den spezifisch amerikanischen Umgang und den Einsatz von Recht, einschliesslich der Auswirkungen auf andere nationale, internationale, supranationale Rechtsordnungen bei der Bew\u00e4ltigung einer solchen Krise zu verstehen. Wir machen uns dabei mit elektronischen Hilfsmitteln \u00fcber das Zeitgeschehen sachkundig und lesen mit verteilten Rollen gezielt \u00fcber die im Vordergrund stehenden rechtlichen Issues. Wir sind w\u00e4hrend des ganzen Semesters per E-Mails und Lotus Notes als Virtual Community miteinander verbunden. Sie erhalten eine Basisdokumentation und laufend einschl\u00e4gige Unterlagen und lesen freiwillig Texte zum amerikanischen Recht.<\/p>\n<p>Das Schwergewicht der verblockten Lehrveranstaltung besteht in der angeleiteten und vorbereiteten Befragung von Experten jeweils vor Ort.<\/p>\n<p>An der <em>Expertenbegegnung und -befragung I<\/em> machen wir eine geostrategische Lagebeurteilung unter Anleitung von Prof. Dr. h.c. Martin Lendi. Wir lassen uns anschliessend auf der Chefredaktion der NZZ von einer Auswahl von drei Journalisten ihre Meinung wieder geben. Anschliessend befragen wir telefonisch spezialisierte Botschafter der Schweiz, so in Berlin Dr. Thomas Borer, in London Dr. Bruno Spinner und in Br\u00fcssel bei der Nato Dr. Anton Thalmann zu deren Sicht der Bedeutung von 9\/11.<\/p>\n<p>In der <em>Expertenbegegnung und -befragung II<\/em> befragen wir Peter Arbenz, Strategieberater und Verfasser des Berichts \u00fcber das Jahrestreffen 2001 des World Economic Forum Davos \u00fcber den Einfluss auf die Druchf\u00fchrung des World Economic Forums 2002. Am Nachmittag befragen wir die Experten Prof. Dr. Kurt Spillmann, Forschungsstelle f\u00fcr Sicherheitspolitik und Konfliktanalyse ETH Z\u00fcrich, Prof. Dr. Kurt Imhof, Soziologisches Institut der Universit\u00e4t Z\u00fcrich, Experte f\u00fcr \u00f6ffentlichkeit und Gesellschaft, Prof. Dr. Daniel Th\u00fcrer, Institut f\u00fcr V\u00f6lkerrecht, Universit\u00e4t Z\u00fcrich, Experte f\u00fcr V\u00f6lker- und Staatsrecht und Prof. Dr. Andreas Wenger, Forschungsstelle f\u00fcr Sicherheitspolitik ETH Z\u00fcrich, Experte f\u00fcr internationale Beziehungen.<\/p>\n<p>In der <em>Expertenbegegnung und -befragung III<\/em> befragen am Morgen Dr. Mario Corti, Chairman SAir Group, Frau Karin Anderegg Bigger, Leiterin des Rechtsdienstes und Generalsektet\u00e4rin und Karl W\u00fctrich, ernannter Sachwalter \u00fcber die Auswirkungen von 9\/11 auf die Swissair. Am Nachmittag befragen wir im Swiss Re Center for Global Dialogue Dr. Bruno Porro, Chief Risk Officer, Dr. Marcel Bebi\u00e9, Group Security Officer, Dr. Markus Diethelm, Chief Legal Officer, \u00fcber die Auswirkungen von 9\/11 auf die Versicherungs- und R\u00fcckversicherungsindustrie, insbesondere auf die Swiss Re wegen der Twin Tower-Problematik.<\/p>\n<p>An der <em>Expertenbegegnung und -befragung IV<\/em> befragen wir am Morgen in Bern Jack Zetkulic, Deputy Chief of Mission und Dr. Bruce Armstrong, Public Affairs Officer der amerikanischen Botschaft. Am Nachmittag befragen wir die Terrorismus Task Force des Bundes unter anderem Prof. Dr. Heinrich Koller, Direktor Bundesamt f\u00fcr Justiz, Dr. Kurt H\u00f6chner, stv. Direktor, Direktion f\u00fcr V\u00f6lkerrecht, Dieter St\u00fcssi, leitender Ermittlungsoffizier der Bundespolizei und stv. Chef der Bundeskriminalpolizei, Dr. Daniel Frank, Gesetzgebungsprojekte, Bundesamt f\u00fcr Justiz, PD Dr. Martin Wyss, verfassungsrechtliche Aspekte, Bundesamt f\u00fcr Justiz, F\u00fcrsprecher Rudolf Wyss und Claude Nicati, stv. Bundesanwalt zu Fragen der Amts- und Rechtshilfe, Dr. Urs Zulauf, Leiter Rechtsdienste Schweizerische Bankkommission, zu Fragen der Terrorismusfinanzierung, Othmar Wyss, Seco, EVD, zu verwaltungsrechtlichen Massnahmen und Daniel Eckmann, Delegierter f\u00fcr Kommunikation von Bundesrat Kaspar Villiger zu Fragen der strategischen Kommunikation in der Krise durch den Bund.<\/p>\n<p>In der <em>Expertenbegegnung und -befragung V<\/em> h\u00f6ren wir &#8222;Statements zur geistigen Lage&#8220; nach dem 11. September von Prof. Dr. h.c. Wolfgang Sch\u00fcrer, Dr. Konrad Hummler, Prof. Dr. Mathias Haller und Rektor Prof. Dr. Peter Gomez an. Ein Student des Seminars, Christian Gehrig, wird zu &#8222;Arbeit und Erleben eines HSG-Studenten vor Ort in Afghanistan &#8211; vor und nach dem 11. September&#8220; sprechen.<\/p>\n<p>Am Schluss referieren die verschiedenen Arbeitsgruppen in &#8222;Statements&#8220; als R\u00fcckblick und Zusammenfassung, so die Gruppe 1, V\u00f6lkerrecht und internationale Beziehungen, Gruppe 2 US-Staatsrecht und Staatsrecht der Allianzpartner und entsprechende innenpolitische Aspekte, Gruppe 3, Innere Sicherheit\/Antiterrorismus und entsprechende innenpolitische Aspekte unter besonderer Ber\u00fccksichtigung der internationalen Zusammenarbeit, Gruppe 4, Die nationalen und internationalen Medien als &#8222;theatre of action&#8220;, Gruppe 5, Finanzierung des Terrorismus und rechtliche Massnahmen in massgeblichen L\u00e4ndern unter besonderer Ber\u00fccksichtigung der internationalen Zusammenarbeit, Gruppe 6, besonders betroffene Unternehmungen und Gruppe 7, Intellektuell-theoretische Auswertung und &#8222;geistige Lage&#8220;. Der Dozent wird zusammenfassende Bemerkungen machen.<\/p>\n<p>Wir verbringen einen geselligen Abend und ein gemeinsames Nachtessen auf Einladung der Bank Wegelin &amp; Co. im Restaurant Zum Goldenen Sch\u00e4fli in St. Gallen.<\/p>\n<p>Am Seminar nahmen die Studenten der volkswirtschaftlichen, der betriebswirtschaftlichen und der juristischen Abteilung teil.<\/p>\n<p>Das Seminar wurde in verschiedenen Studentenzeitschriften, so in Prisma, April 2002, S. 28-29 und HSG-Info vom 6. Mai 2001 S. 7 beschrieben und besprochen.<\/p>\n<p>&nbsp;[\/vc_column_text][\/vc_column][\/vc_row][\/vc_section]\n<\/section>","protected":false},"excerpt":{"rendered":"<p>[vc_section css=&#8220;.vc_custom_1525195636532{margin-bottom: 20px !important;background-color: #c9c9a5 !important;}&#8220;][vc_row 0=&#8220;&#8220;][vc_column 0=&#8220;&#8220;][vc_column_text 0=&#8220;&#8220;] &#8222;Attack on America&#8220; [ FS 2008 ] \u00a0 [ SS 2007 ] \u00a0 [ WS 2006\/07 ] [ SS 2006 ] \u00a0 [ WS 2005\/06 ] \u00a0 [ WS 2002\/03 ] [ SS 2002 ] \u00a0 [ WS 2001\/02 ] \u00a0 [ SS 2000 ] \u00abAttack&hellip;<\/p>\n","protected":false},"author":2,"featured_media":0,"parent":0,"menu_order":0,"comment_status":"closed","ping_status":"closed","template":"","meta":[],"acf":[],"_links":{"self":[{"href":"https:\/\/drolshammer.net\/german\/wp-json\/wp\/v2\/pages\/406"}],"collection":[{"href":"https:\/\/drolshammer.net\/german\/wp-json\/wp\/v2\/pages"}],"about":[{"href":"https:\/\/drolshammer.net\/german\/wp-json\/wp\/v2\/types\/page"}],"author":[{"embeddable":true,"href":"https:\/\/drolshammer.net\/german\/wp-json\/wp\/v2\/users\/2"}],"replies":[{"embeddable":true,"href":"https:\/\/drolshammer.net\/german\/wp-json\/wp\/v2\/comments?post=406"}],"version-history":[{"count":4,"href":"https:\/\/drolshammer.net\/german\/wp-json\/wp\/v2\/pages\/406\/revisions"}],"predecessor-version":[{"id":1288,"href":"https:\/\/drolshammer.net\/german\/wp-json\/wp\/v2\/pages\/406\/revisions\/1288"}],"wp:attachment":[{"href":"https:\/\/drolshammer.net\/german\/wp-json\/wp\/v2\/media?parent=406"}],"curies":[{"name":"wp","href":"https:\/\/api.w.org\/{rel}","templated":true}]}}