{"id":493,"date":"2018-05-02T03:34:45","date_gmt":"2018-05-02T03:34:45","guid":{"rendered":"http:\/\/new.drolshammer.net\/german\/?page_id=493"},"modified":"2018-09-04T18:37:34","modified_gmt":"2018-09-04T18:37:34","slug":"news-articles","status":"publish","type":"page","link":"https:\/\/drolshammer.net\/german\/news-articles\/","title":{"rendered":"News Articles"},"content":{"rendered":"<section class=\"wpb-content-wrapper\">[vc_section css=&#8220;.vc_custom_1525232119466{margin-bottom: 20px !important;background-color: #c9c9a5 !important;}&#8220;][vc_row 0=&#8220;&#8220;][vc_column 0=&#8220;&#8220;][vc_column_text 0=&#8220;&#8220;]\n<h2><span class=\"hd\">Zeitungsartikel<\/span><\/h2>\n<p><span class=\"subact\">[ <a class=\"subact\" href=\"https:\/\/drolshammer.net\/german\/?page_id=486\">Books<\/a> ] \u00a0 <span class=\"sub\">[ <a class=\"sub\" href=\"https:\/\/drolshammer.net\/german\/?page_id=387\">Chapters<\/a> ]<\/span> \u00a0 <span class=\"sub\">[ <a class=\"sub\" href=\"https:\/\/drolshammer.net\/german\/?page_id=488\">Articles<\/a> ]<\/span> \u00a0 <span class=\"sub\">[ <a class=\"sub\" href=\"https:\/\/drolshammer.net\/german\/?page_id=490\">Reviews &amp; Reports<\/a> ]<\/span><br \/>\n<span class=\"sub\">[ <a class=\"sub\" href=\"https:\/\/drolshammer.net\/german\/?page_id=493\">Newspaper Articles<\/a> ]<\/span><\/span><\/p>\n<table border=\"0\" width=\"100%\" cellspacing=\"2\" cellpadding=\"0\">\n<tbody>\n<tr>\n<td colspan=\"2\" bgcolor=\"#999999\"><img decoding=\"async\" loading=\"lazy\" src=\"http:\/\/drolshammer.net\/img\/t.gif\" width=\"1\" height=\"1\" border=\"0\" \/><\/td>\n<\/tr>\n<tr>\n<td valign=\"top\" width=\"1%\"><img decoding=\"async\" loading=\"lazy\" src=\"http:\/\/drolshammer.net\/img\/ic_square.gif\" alt=\"\" width=\"13\" height=\"11\" border=\"0\" \/><\/td>\n<td class=\"txt\" valign=\"top\" width=\"90%\">Mit Andreas Wenger and Daniel M\u00f6ckli. <span class=\"title\"><strong><a href=\"http:\/\/nzz.gbi.de\/webcgi?START=A20&amp;T_FORMAT=5&amp;DOKM=698542_NZZ_0&amp;WID=96052-5530228-33165_2\" target=\"_blank\" rel=\"noopener\">Privatwirtschaft &#8211; Akteur in Konfliktpr\u00e4vention<\/a><\/strong><br \/>\nEine Chance f\u00fcr die Schweizer Aussenpolitik,<\/span><br \/>\nin: Neue Z\u00fcrcher Zeitung nr. 216, 18. September 2003, S. 15.<\/td>\n<\/tr>\n<tr>\n<td colspan=\"2\" bgcolor=\"#999999\"><img decoding=\"async\" loading=\"lazy\" src=\"http:\/\/drolshammer.net\/img\/t.gif\" width=\"1\" height=\"1\" border=\"0\" \/><\/td>\n<\/tr>\n<tr>\n<td valign=\"top\" width=\"1%\"><img decoding=\"async\" loading=\"lazy\" src=\"http:\/\/drolshammer.net\/img\/ic_square.gif\" alt=\"\" width=\"13\" height=\"11\" border=\"0\" \/><\/td>\n<td class=\"txt\" valign=\"top\" width=\"90%\">Mit Andreas Wenger and Daniel M\u00f6ckli. <strong><span class=\"title\">Konfliktpr\u00e4vention: Chance f\u00fcr die Privatwirtschaft,<\/span><\/strong><br \/>\nin: Die Volkswirtschaft, 9\/2003.<\/td>\n<\/tr>\n<tr>\n<td colspan=\"2\" bgcolor=\"#999999\"><img decoding=\"async\" loading=\"lazy\" src=\"http:\/\/drolshammer.net\/img\/t.gif\" width=\"1\" height=\"1\" border=\"0\" \/><\/td>\n<\/tr>\n<tr>\n<td valign=\"top\" width=\"1%\"><img decoding=\"async\" loading=\"lazy\" src=\"http:\/\/drolshammer.net\/img\/ic_square.gif\" alt=\"\" width=\"13\" height=\"11\" border=\"0\" \/><\/td>\n<td class=\"txt\" valign=\"top\" width=\"90%\">Mit Wenger Andreas. <span class=\"title\">&#8211; <strong>Hochschulen unter Amerikanisierungsdruck &#8211; Europa sollte sich der Herausforderung stellen,<\/strong><\/span><br \/>\nin: Neue Z\u00fcrcher Zeitung Nr. 131, 9. Juni 2001, S. 9.<\/td>\n<\/tr>\n<tr>\n<td colspan=\"2\" bgcolor=\"#999999\"><img decoding=\"async\" loading=\"lazy\" src=\"http:\/\/drolshammer.net\/img\/t.gif\" width=\"1\" height=\"1\" border=\"0\" \/><\/td>\n<\/tr>\n<tr>\n<td valign=\"top\" width=\"1%\"><img decoding=\"async\" loading=\"lazy\" src=\"http:\/\/drolshammer.net\/img\/ic_square.gif\" alt=\"\" width=\"13\" height=\"11\" border=\"0\" \/><\/td>\n<td class=\"txt\" valign=\"top\" width=\"90%\"><strong><span class=\"title\">Internationales Recht und seine Anw\u00e4lte &#8211; Jahrestagung der American Society of International Law,<\/span><\/strong><br \/>\nin: Neue Z\u00fcrcher Zeitung Nr. 125, 1. Juni 2001, S. 9<\/td>\n<\/tr>\n<tr>\n<td colspan=\"2\" bgcolor=\"#999999\"><img decoding=\"async\" loading=\"lazy\" src=\"http:\/\/drolshammer.net\/img\/t.gif\" width=\"1\" height=\"1\" border=\"0\" \/><\/td>\n<\/tr>\n<tr>\n<td valign=\"top\" width=\"1%\"><img decoding=\"async\" loading=\"lazy\" src=\"http:\/\/drolshammer.net\/img\/ic_square.gif\" alt=\"\" width=\"13\" height=\"11\" border=\"0\" \/><\/td>\n<td class=\"txt\" valign=\"top\" width=\"90%\"><strong><span class=\"title\">Amerikas Umgang mit internationalem Recht &#8211; Jahrestagung der American Society of International Law,<\/span><\/strong><br \/>\nin: Neue Z\u00fcrcher Zeitung Nr. 124, June 2, 1999, p. 5.<\/td>\n<\/tr>\n<tr>\n<td colspan=\"2\" bgcolor=\"#999999\"><img decoding=\"async\" loading=\"lazy\" src=\"http:\/\/drolshammer.net\/img\/t.gif\" width=\"1\" height=\"1\" border=\"0\" \/><\/td>\n<\/tr>\n<tr>\n<td valign=\"top\" width=\"1%\"><img decoding=\"async\" loading=\"lazy\" src=\"http:\/\/drolshammer.net\/img\/ic_square.gif\" alt=\"\" width=\"13\" height=\"11\" border=\"0\" \/><\/td>\n<td class=\"txt\" valign=\"top\" width=\"90%\"><strong><span class=\"title\">Mit Prozessieren den Holocaust bew\u00e4ltigen? Bericht \u00fcber eine Diskussion an der Harvard Law School,<\/span><\/strong><br \/>\nin: Neue Z\u00fcrcher Zeitung Nr. 121, May 29, 1999, p. 22.<\/td>\n<\/tr>\n<\/tbody>\n<\/table>\n[\/vc_column_text][\/vc_column][\/vc_row][\/vc_section]\n<\/section>","protected":false},"excerpt":{"rendered":"<p>[vc_section css=&#8220;.vc_custom_1525232119466{margin-bottom: 20px !important;background-color: #c9c9a5 !important;}&#8220;][vc_row 0=&#8220;&#8220;][vc_column 0=&#8220;&#8220;][vc_column_text 0=&#8220;&#8220;] Zeitungsartikel [ Books ] \u00a0 [ Chapters ] \u00a0 [ Articles ] \u00a0 [ Reviews &amp; Reports ] [ Newspaper Articles ] Mit Andreas Wenger and Daniel M\u00f6ckli. Privatwirtschaft &#8211; Akteur in Konfliktpr\u00e4vention Eine Chance f\u00fcr die Schweizer Aussenpolitik, in: Neue Z\u00fcrcher Zeitung nr. 216, 18.&hellip;<\/p>\n","protected":false},"author":2,"featured_media":0,"parent":0,"menu_order":0,"comment_status":"closed","ping_status":"closed","template":"","meta":[],"acf":[],"_links":{"self":[{"href":"https:\/\/drolshammer.net\/german\/wp-json\/wp\/v2\/pages\/493"}],"collection":[{"href":"https:\/\/drolshammer.net\/german\/wp-json\/wp\/v2\/pages"}],"about":[{"href":"https:\/\/drolshammer.net\/german\/wp-json\/wp\/v2\/types\/page"}],"author":[{"embeddable":true,"href":"https:\/\/drolshammer.net\/german\/wp-json\/wp\/v2\/users\/2"}],"replies":[{"embeddable":true,"href":"https:\/\/drolshammer.net\/german\/wp-json\/wp\/v2\/comments?post=493"}],"version-history":[{"count":5,"href":"https:\/\/drolshammer.net\/german\/wp-json\/wp\/v2\/pages\/493\/revisions"}],"predecessor-version":[{"id":1306,"href":"https:\/\/drolshammer.net\/german\/wp-json\/wp\/v2\/pages\/493\/revisions\/1306"}],"wp:attachment":[{"href":"https:\/\/drolshammer.net\/german\/wp-json\/wp\/v2\/media?parent=493"}],"curies":[{"name":"wp","href":"https:\/\/api.w.org\/{rel}","templated":true}]}}